{"id":3,"date":"2026-04-13T17:38:34","date_gmt":"2026-04-13T15:38:34","guid":{"rendered":"https:\/\/aliagaglobal.pe\/?page_id=3"},"modified":"2026-04-17T17:51:15","modified_gmt":"2026-04-17T15:51:15","slug":"politica-privacidad","status":"publish","type":"page","link":"https:\/\/aliagaglobal.pe\/index.php\/politica-privacidad\/","title":{"rendered":"Pol\u00edtica de privacidad"},"content":{"rendered":"\t\t<div data-elementor-type=\"wp-page\" data-elementor-id=\"3\" class=\"elementor elementor-3\" data-elementor-post-type=\"page\">\n\t\t\t\t<div class=\"elementor-element elementor-element-a49c7a2 e-flex e-con-boxed e-con e-parent\" data-id=\"a49c7a2\" data-element_type=\"container\" data-e-type=\"container\">\n\t\t\t\t\t<div class=\"e-con-inner\">\n\t\t\t\t<div class=\"elementor-element elementor-element-a417ca5 elementor-widget elementor-widget-heading\" data-id=\"a417ca5\" data-element_type=\"widget\" data-e-type=\"widget\" data-widget_type=\"heading.default\">\n\t\t\t\t\t<h2 class=\"elementor-heading-title elementor-size-default\">Pol\u00edtica de Privacidad<\/h2>\t\t\t\t<\/div>\n\t\t\t\t<div class=\"elementor-element elementor-element-9c79e05 elementor-widget elementor-widget-text-editor\" data-id=\"9c79e05\" data-element_type=\"widget\" data-e-type=\"widget\" data-widget_type=\"text-editor.default\">\n\t\t\t\t\t\t\t\t\t<p data-start=\"184\" data-end=\"447\">En cumplimiento de lo dispuesto por la <strong data-start=\"223\" data-end=\"279\">Ley N\u00b0 29733 \u2013 Ley de Protecci\u00f3n de Datos Personales<\/strong> y su reglamento aprobado por el Decreto Supremo N\u00b0 003-2013-JUS, <strong data-start=\"345\" data-end=\"362\">Aliaga Global<\/strong> informa a los usuarios de su sitio web sobre el tratamiento de sus datos personales.<\/p><p data-section-id=\"1ebvfu6\" data-start=\"449\" data-end=\"495\"><strong>1. Identidad del titular del banco de datos<\/strong><\/p><p data-start=\"497\" data-end=\"541\">El titular del banco de datos personales es: <strong data-start=\"543\" data-end=\"560\">Aliaga Global<\/strong><br data-start=\"560\" data-end=\"563\" \/>Empresa dedicada a la comercializaci\u00f3n e instalaci\u00f3n de l\u00e1minas solares, l\u00e1minas de seguridad y l\u00e1minas decorativas para hogares, oficinas y empresas.<\/p><p data-section-id=\"ep5h4d\" data-start=\"715\" data-end=\"749\"><strong>2. Datos personales recopilados<\/strong><\/p><p data-start=\"751\" data-end=\"911\">A trav\u00e9s del sitio web, Aliaga Global recopila \u00fanicamente los datos personales que el usuario proporciona de manera voluntaria mediante formularios de contacto:<\/p><ul data-start=\"913\" data-end=\"992\"><li data-section-id=\"1k3gf0e\" data-start=\"913\" data-end=\"936\">Nombres y apellidos<\/li><li data-section-id=\"bhlbj3\" data-start=\"937\" data-end=\"959\">Correo electr\u00f3nico<\/li><li data-section-id=\"1pg6irf\" data-start=\"960\" data-end=\"992\">N\u00famero de tel\u00e9fono o celular<\/li><\/ul><p data-section-id=\"1ncmujf\" data-start=\"994\" data-end=\"1034\"><strong>3. Finalidad del tratamiento de datos<\/strong><\/p><p data-start=\"1036\" data-end=\"1104\">Los datos personales ser\u00e1n tratados para las siguientes finalidades:<\/p><ul data-start=\"1106\" data-end=\"1305\"><li data-section-id=\"1vx1dr\" data-start=\"1106\" data-end=\"1155\">Atender consultas, solicitudes o cotizaciones<\/li><li data-section-id=\"dfp4n9\" data-start=\"1156\" data-end=\"1207\">Brindar informaci\u00f3n sobre productos y servicios<\/li><li data-section-id=\"142l87w\" data-start=\"1208\" data-end=\"1270\">Contactar al usuario por medios telef\u00f3nicos o electr\u00f3nicos<\/li><li data-section-id=\"1d72lmi\" data-start=\"1271\" data-end=\"1305\">Realizar seguimiento comercial<\/li><\/ul><p data-start=\"1307\" data-end=\"1385\">Los datos no ser\u00e1n utilizados para finalidades distintas a las aqu\u00ed descritas.<\/p><p data-section-id=\"1y10az0\" data-start=\"1387\" data-end=\"1407\"><strong>4. Consentimiento<\/strong><\/p><p data-start=\"1409\" data-end=\"1599\">El usuario otorga su consentimiento libre, previo, expreso, informado e inequ\u00edvoco para el tratamiento de sus datos personales al momento de completar y enviar los formularios del sitio web.<\/p><p data-section-id=\"pe817h\" data-start=\"1601\" data-end=\"1632\"><strong>5. Banco de datos personales<\/strong><\/p><p data-start=\"1634\" data-end=\"1833\">Los datos recopilados ser\u00e1n almacenados en un banco de datos de titularidad de Aliaga Global, el cual ser\u00e1 gestionado conforme a las medidas de seguridad exigidas por la normativa vigente en el Per\u00fa.<\/p><p data-section-id=\"dcph47\" data-start=\"1835\" data-end=\"1866\"><strong>6. Conservaci\u00f3n de los datos<\/strong><\/p><p data-start=\"1868\" data-end=\"2058\">Los datos personales ser\u00e1n conservados \u00fanicamente durante el tiempo necesario para cumplir con las finalidades para las que fueron recopilados o hasta que el usuario solicite su cancelaci\u00f3n.<\/p><p data-section-id=\"evqok0\" data-start=\"2060\" data-end=\"2086\"><strong>7. Medidas de seguridad<\/strong><\/p><p data-start=\"2088\" data-end=\"2307\">Aliaga Global adopta las medidas t\u00e9cnicas, organizativas y legales necesarias para garantizar la seguridad y confidencialidad de los datos personales, evitando su alteraci\u00f3n, p\u00e9rdida, tratamiento o acceso no autorizado.<\/p><p data-section-id=\"7quaxt\" data-start=\"2309\" data-end=\"2355\"><strong>8. Transferencia y tratamiento por terceros<\/strong><\/p><p data-start=\"2357\" data-end=\"2463\">Aliaga Global no comparte, vende ni transfiere datos personales a terceros, salvo en los siguientes casos:<\/p><ul data-start=\"2465\" data-end=\"2602\"><li data-section-id=\"hdmo24\" data-start=\"2465\" data-end=\"2532\">Cuando sea requerido por autoridades competentes conforme a ley<\/li><li data-section-id=\"1bq8svk\" data-start=\"2533\" data-end=\"2602\">Cuando sea necesario para el cumplimiento de obligaciones legales<\/li><\/ul><p data-section-id=\"1kb0za6\" data-start=\"2604\" data-end=\"2648\"><strong>9. Derechos ARCO del titular de los datos<\/strong><\/p><p data-start=\"2650\" data-end=\"2691\">El usuario puede ejercer sus derechos de:<\/p><ul data-start=\"2693\" data-end=\"2751\"><li data-section-id=\"1fhetdc\" data-start=\"2693\" data-end=\"2703\">Acceso<\/li><li data-section-id=\"mtnxbv\" data-start=\"2704\" data-end=\"2721\">Rectificaci\u00f3n<\/li><li data-section-id=\"129abqw\" data-start=\"2722\" data-end=\"2737\">Cancelaci\u00f3n<\/li><li data-section-id=\"1jlf8b9\" data-start=\"2738\" data-end=\"2751\">Oposici\u00f3n<\/li><\/ul><p data-start=\"2753\" data-end=\"2797\">(derechos ARCO), conforme a la Ley N\u00b0 29733.<\/p><p data-start=\"2799\" data-end=\"2972\">Para ello, podr\u00e1 enviar una solicitud a trav\u00e9s de los canales de contacto indicados en el sitio web, proporcionando la informaci\u00f3n necesaria para su correcta identificaci\u00f3n.<\/p><p data-section-id=\"gl9rig\" data-start=\"2974\" data-end=\"3021\"><strong>10. Procedimiento para ejercer derechos ARCO<\/strong><\/p><p data-start=\"3023\" data-end=\"3052\">La solicitud deber\u00e1 contener:<\/p><ul data-start=\"3054\" data-end=\"3176\"><li data-section-id=\"ovclb4\" data-start=\"3054\" data-end=\"3098\">Nombre completo del titular de los datos<\/li><li data-section-id=\"q40n8i\" data-start=\"3099\" data-end=\"3136\">Descripci\u00f3n clara de la solicitud<\/li><li data-section-id=\"d5iyvw\" data-start=\"3137\" data-end=\"3176\">Documento que acredite su identidad<\/li><\/ul><p data-start=\"3178\" data-end=\"3273\">Aliaga Global atender\u00e1 la solicitud dentro de los plazos establecidos por la normativa vigente.<\/p><p data-section-id=\"1mt7gmx\" data-start=\"3275\" data-end=\"3311\"><strong>11. Modificaciones de la pol\u00edtica<\/strong><\/p><p data-start=\"3313\" data-end=\"3470\">Aliaga Global se reserva el derecho de modificar la presente Pol\u00edtica de Privacidad en cualquier momento. Cualquier cambio ser\u00e1 publicado en esta p\u00e1gina web.<\/p><p data-section-id=\"101947\" data-start=\"3472\" data-end=\"3487\"><strong>12. Contacto<\/strong><\/p><p data-start=\"3489\" data-end=\"3683\">Para consultas relacionadas con esta pol\u00edtica o el tratamiento de datos personales, el usuario podr\u00e1 comunicarse a trav\u00e9s de los canales de contacto disponibles en el sitio web de Aliaga Global.<\/p>\t\t\t\t\t\t\t\t<\/div>\n\t\t\t\t\t<\/div>\n\t\t\t\t<\/div>\n\t\t\t\t<\/div>\n\t\t","protected":false},"excerpt":{"rendered":"<p>Pol\u00edtica de Privacidad En cumplimiento de lo dispuesto por la Ley N\u00b0 29733 \u2013 Ley de Protecci\u00f3n de Datos Personales y su reglamento aprobado por el Decreto Supremo N\u00b0 003-2013-JUS, Aliaga Global informa a los usuarios de su sitio web sobre el tratamiento de sus datos personales. 1. Identidad del titular del banco de datos [&hellip;]<\/p>\n","protected":false},"author":1,"featured_media":0,"parent":0,"menu_order":0,"comment_status":"closed","ping_status":"open","template":"","meta":{"footnotes":""},"class_list":["post-3","page","type-page","status-publish","hentry"],"_links":{"self":[{"href":"https:\/\/aliagaglobal.pe\/index.php\/wp-json\/wp\/v2\/pages\/3","targetHints":{"allow":["GET"]}}],"collection":[{"href":"https:\/\/aliagaglobal.pe\/index.php\/wp-json\/wp\/v2\/pages"}],"about":[{"href":"https:\/\/aliagaglobal.pe\/index.php\/wp-json\/wp\/v2\/types\/page"}],"author":[{"embeddable":true,"href":"https:\/\/aliagaglobal.pe\/index.php\/wp-json\/wp\/v2\/users\/1"}],"replies":[{"embeddable":true,"href":"https:\/\/aliagaglobal.pe\/index.php\/wp-json\/wp\/v2\/comments?post=3"}],"version-history":[{"count":19,"href":"https:\/\/aliagaglobal.pe\/index.php\/wp-json\/wp\/v2\/pages\/3\/revisions"}],"predecessor-version":[{"id":970,"href":"https:\/\/aliagaglobal.pe\/index.php\/wp-json\/wp\/v2\/pages\/3\/revisions\/970"}],"wp:attachment":[{"href":"https:\/\/aliagaglobal.pe\/index.php\/wp-json\/wp\/v2\/media?parent=3"}],"curies":[{"name":"wp","href":"https:\/\/api.w.org\/{rel}","templated":true}]}}